. Let h be -5*1*(1 - 2). Let v(y) = h*b(y) + 2*g(y). Determine v(4).
2
Suppose -3*c = 3*l - 12, 2*l + 9*c - 8 = 13*c. Let g(s) be the second derivative of -s**3/2 + 3*s**2 + s. Determine g(l).
-6
Let p be 5 - (-2)/(-1)*(-15)/(-10). Let q(z) = -4*z - 4*z**p + 211 + 9*z**2 - 215 - z**3. What is q(4)?
-4
Let p be -4 + 3/(0 - -3). Let t(r) = 10*r + 2. Let s(y) = 8*y + 2. Let c(n) = -6*s(n) + 5*t(n). What is c(p)?
-8
Let b(t) be the first derivative of 3*t**2/2 - 2*t + 1. Let x = 12369 + -12365. Determine b(x).
10
Let n(t) be the first derivative of -t**4/4 - 4*t**3/3 - t**2/2 + 2*t - 497. Determine n(-4).
6
Let y(q) = -q**2 + 3*q**2 - 2 + 22 - 13 - 32*q + 0*q**2. Give y(16).
7
Let u(z) be the second derivative of -z**6/360 + z**5/120 + z**3 + 8*z. Let g(k) be the second derivative of u(k). Calculate g(2).
-2
Let s = -38 - -41. Let f be (7 - s)*1 - 2. Let z(n) = -4 - n**3 - n - 2*n + n**2 + 6 + 2*n**2. What is z(f)?
0
Suppose 0 = 19*p + 73 + 22. Let b(l) = -l**2 + 5*l + 54. What is b(p)?
4
Let l(x) = 4*x**2 + 12*x - 6. Let v(q) = -q**2 - 2*q + 1. Let o(y) = -l(y) - 6*v(y). Determine o(-1).
2
Let v(j) be the first derivative of -3*j**2 + 11 - 6*j + 1/3*j**3. Give v(6).
-6
Let w(d) = -1 - 9*d**2 - 5*d - d**3 - 1 + 15*d**2. Calculate w(4).
10
Suppose 5*m + f = m + 12, f - 2 = m. Suppose -7 - 6 = u - m*g, 5*u = -g - 32. Let p(y) = -2*y - 9. Determine p(u).
5
Let n(f) = 10*f**2 - f - 1. Suppose -3*z = 5*w - 65, -5*w + 6*z = 3*z - 35. Let c be (1 + 0)*(4 + w/(-2)). Calculate n(c).
10
Suppose d = -0 - 1. Let c be (-1 + (-2 - -9))*d. Let q(v) be the second derivative of v**5/20 + 7*v**4/12 + 2*v**3/3 - 7*v**2/2 + 2*v + 127. Determine q(c).
5
Suppose 5*w - 20 = 0, w = -5*y + 41 + 23. Let z(f) = -f**3 + 11*f**2 + 13*f + 3. Give z(y).
15
Let c(n) be the second derivative of n**3/6 + n**2 + 868*n. Suppose -3*y = -0*o - 3*o + 9, -5*y - 12 = -4*o. Calculate c(o).
5
Let t(m) = 5 + 33*m**3 - 8*m**2 - 28*m**3 + 14*m - 6*m**3. Give t(-9).
-40
Let i(m) = -14*m**3 - 44*m**2 + 8*m - 20. Let u(y) = 5*y**3 + 15*y**2 - 2*y + 6. Let k(q) = -4*i(q) - 11*u(q). Give k(-12).
-10
Let v(u) = 4*u**2 + 8*u - 6. Let s(d) = -3*d**2 - 6*d + 4. Let a(o) = 5*s(o) + 4*v(o). Calculate a(4).
20
Let v(h) = -5*h**2 - 11*h + 17. Let n(d) = -d**2 - 3*d + 4. Let l(t) = 9*n(t) - 2*v(t). Let u be 6/2 - ((10 - 4) + -5). Determine l(u).
-4
Let h(s) = 4*s**2 - 4*s - 3. Suppose -2*f + 0*f = 4. Determine h(f).
21
Let s(t) = -12*t**3 + 2*t**2 + 5*t - 5. Let w(l) = 6*l**3 - l**2 - 2*l + 2. Let u(f) = 2*s(f) + 5*w(f). What is u(1)?
5
Let c(l) = 3*l + 3. Let a = 497 + -501. Determine c(a).
-9
Let u(s) = s - 9. Let w be 32/10*(-125)/(-10). Suppose q = 3*d - w, -d + 2*q = q - 16. Give u(d).
3
Let u(y) = 2*y**2 + 5*y - 6. Let x be -7*(-18)/14*2. Suppose -3*h + 3*z = -6*h - 9, -2*h + 4*z = x. Give u(h).
19
Suppose 1 = -m, 0 = -3*s + 2*m - 6 - 1. Let x(a) = 1 - 4*a - 2 + 0 + 0*a. Calculate x(s).
11
Let a(z) = 13*z + 86. Let g(c) = -3*c - 19. Let w(i) = 4*a(i) + 18*g(i). Give w(2).
-2
Let v(x) be the second derivative of -x**4/12 - x**3/6 - x**2/2 - 4*x - 2. Let g be 7/(7/4) + -4. Give v(g).
-1
Suppose x + 7 = -2*f, 2*f = 4*x - 4 - 8. Let c(k) = -5*k - 11. Let m(g) = -11*g - 23. Let l(o) = f*m(o) + 9*c(o). Calculate l(-7).
0
Let n(q) = q**3 + q. Let p be n(0). Let t(d) be the third derivative of 0*d - 7/3*d**3 + 0 + 0*d**4 - 1/60*d**5 + 4*d**2. Calculate t(p).
-14
Let f(j) = 15 + 0*j - 6 + 5 - 3*j. Give f(8).
-10
Suppose 18 = 6*a - 3*a. Let p = -3 + a. Suppose 2*g = 2*n + 13 + p, 3*n = -5*g - 8. Let h(u) = -u**3 - 7*u**2 - 5*u + 7. Give h(n).
1
Let i = -18 - -21. Suppose 3*u = 4*d + 9, -4*u + 5*u - i = d. Let q(f) = -f + 9. Calculate q(d).
9
Let b(r) = -3*r**3 - 8*r**2 - 4*r. Let o(m) = 13*m**3 + 34*m**2 + 17*m + 2. Let g(p) = -9*b(p) - 2*o(p). Give g(-2).
0
Let n(k) be the first derivative of 7 - 1/4*k**4 + 8*k + k**2 - 7/3*k**3. Give n(-7).
-6
Suppose -8 = 3*m + 1. Let o(d) be the second derivative of -d**6/720 + d**5/60 - 5*d**4/12 - 2*d. Let h(y) be the third derivative of o(y). What is h(m)?
5
Let j(h) be the second derivative of -h**5/20 + 3*h**4/4 + 2*h**3 + 5*h**2/2 - 3*h - 28. Determine j(10).
25
Let m = 118 + -116. Let o(k) = -m*k + 20*k**3 + 15*k**3 - 4 - 58*k**3 - 4*k**2 + 22*k**3. Calculate o(-4).
4
Let s = 1798 - 1795. Let o(g) = -3*g**2 + 12*g - 7. Determine o(s).
2
Let u be (-2 + 14/6)/(4/24). Suppose -u = -43*h + 42*h. Let j(l) = 3*l - 1. Calculate j(h).
5
Let t(u) = -3*u**3 + 20*u**2 + 19*u - 35. Let w(x) = -2*x**3 + 10*x**2 + 10*x - 17. Let b(z) = 3*t(z) - 5*w(z). Determine b(-9).
-2
Let p(o) = o**2 + 6*o + 2. Let i(n) = n**2 + 7*n - 6. Let k = -33 - -26. Let u be i(k). Give p(u).
2
Let v(x) = -x**3 - x + 5*x + 14*x**2 - 54 + 11*x**2 - 2*x. Let u be v(25). Let n(o) = -o**2 - 4*o - 2. Calculate n(u).
-2
Let i(m) = -m**3 + 4*m**2 - 7*m - 9. Let l be (144/120)/(6/20). What is i(l)?
-37
Let w(s) be the second derivative of s**3/3 + 7*s**2 + 6*s. Let n be w(-6). Let h be 8*(2 - 3) + n. Let j(c) = -c - 2. What is j(h)?
4
Let t(l) = -3*l - 6. Let a be t(-4). Let i(b) = 3*b**3 - 18*b**2 - 8*b - 18. Let n(w) = w**3 - 6*w**2 - 3*w - 6. Let d(z) = -3*i(z) + 8*n(z). What is d(a)?
6
Suppose -2*v + v = 4*f - 14, -2*v + 4*f = 8. Let u(j) = -53*j + 15*j + v + 22*j + 15*j. Suppose -4*z + 20 = z. What is u(z)?
-2
Let g(c) = -28*c**3 - 2*c**2 + 2*c - 1. Let d(w) = w**2 + 16*w + 64. Let u be d(-7). Calculate g(u).
-29
Let k(h) = h**2 + 3*h. Let p(z) = 4*z - 71. Let g be p(17). Determine k(g).
0
Suppose 4*s + 15 = 3*s + m, -s + 5*m - 23 = 0. Let i be (s + 14)/(3/9). Let p(b) = 2*b**2 - 5*b + 3. Calculate p(i).
6
Suppose -m - 41 = 5*g - 1, 8 = -g - 2*m. Let u(x) = 2*x**2 + 15*x - 5. Give u(g).
3
Let k(n) = 18*n - 11*n + 5*n - 5*n + 0*n + 3. Calculate k(-2).
-11
Let u(k) be the second derivative of k**4/4 - 4*k**3/3 + 5*k**2 - 18*k. Let v(h) = -h**2 + 3*h - 3. Let i(c) = 2*u(c) + 7*v(c). Give i(6).
-7
Let g(h) = h**3 - 2*h**2 - h + 4. Let x(r) = r**3 - r**2 - 1. Let d be (-3)/(3/(-10)) - 1. Let j = d + -11. Let k(q) = j*x(q) + g(q). What is k(0)?
6
Let h(y) = -y**2 - 7*y - 3. Let i be h(-8). Let u = i - -14. Let p(s) = -u*s - 3 - 3 + 2*s. Give p(-5).
-1
Let h(o) = -9*o + 274. Let q be h(31). Let b(g) = 6*g - 32. Let t(l) = 2*l - 11. Let x(y) = -6*b(y) + 17*t(y). Determine x(q).
15
Let u(r) be the second derivative of -r**4/12 - r**3/6 + 9*r. Give u(0).
0
Let l(q) = -q**3 + 3*q**2 + 3*q + 12. Suppose 0 = 3*a - 56 + 41. Give l(a).
-23
Let v(r) be the third derivative of -r**4/24 + r**3/3 - r**2. Suppose 5*g - 7*a = -2*a + 85, 4*g + 4*a - 60 = 0. Let n = -14 + g. Calculate v(n).
0
Let n(g) = 13*g**2 + 23*g + 2. Let d(x) = 3*x**2 + 6*x. Let a(h) = 9*d(h) - 2*n(h). Determine a(-8).
-4
Let f = -17 + 23. Suppose 3*p + 12 = -f. Let r(x) = x**2 + 8*x - 3. What is r(p)?
-15
Suppose 0 = 4*z - 3*z - 4. Suppose 3*i = z*i - 7. Suppose 16 = i*n - 11*n. Let c(o) = -o**3 - 5*o**2 - 6*o - 5. Determine c(n).
3
Let x = -54 - -57. Let q(t) = -7*t - 6 + 4*t**2 - x*t**2 + 0*t. Calculate q(7).
-6
Let k(s) = 5 - s**2 + 1 + 3*s + 0*s + 0. Suppose 0 = -45*g + 44*g + 5. Determine k(g).
-4
Suppose 2*h + 19 = -2*v - h, -5*v + 15 = -5*h. Let r(n) = n**3 + 6*n**2 + 7*n. Let g be r(v). Let s(b) = -3*b**2 + 3*b - 2. Give s(g).
-8
Let j(i) = 30*i + 14. Let w(t) = -2*t - 1. Let r(b) = 2*j(b) + 28*w(b). Determine r(2).
8
Let y = 9 - 18. Let f(w) be the first derivative of -w**3/3 - 9*w**2/2 - 3*w - 2022. Give f(y).
-3
Let h(m) = 14 - m**3 + 100*m**2 - 13 - 99*m**2. Suppose 5 = 2*x + 3. What is h(x)?
1
Let s = -91 - -84. Let z(o) = o**2 + 4*o + 7. Determine z(s).
28
Let p(i) = i**2 - 4*i + 3. Let x(t) = t**3 + 14*t**2 + 25*t + 13. Let y be x(-12). Let g be (-14 + 8)*y/(-2). Determine p(g).
0
Suppose 736*m - 120 = 721*m. Let a(q) = -13*q**2 + 18*q + 9. Let s(n) = -7*n**2 + 9*n + 5. Let b(v) = 6*a(v) - 11*s(v). Calculate b(m).
7
Let h(q) = -107*q**3 + 106*q**3 - 3 - 5*q**2 + q - 2*q. Calculate h(-5).
2
Let s be 60/(-50) - (-2)/10 - 6. Let o(t) = t**3 + 7*t**2 - 2*t - 9. What is o(s)?
5
Let b = 38 - 35. Let h(d) = 11*d - 13. Give h(b).
20
Let t = 3 - 0. Suppose -12*j + 62 - 14 = 0. Let q(y) = 5*y - 5*y - y**2 - 3*y**3 - j*y**t - y. What is q(-1)?
7
Let m(l) = -6*l + 10. Suppose -22 = -39*u + 37*u. Calculate m(u).
-56
Let i(j) = -514*j**2 - 509*j**2 